*c + 4*x. Let y be 6/(-9) + c/(-6). Let i(m) = m**2 + 3*m + 3. Give i(y).
3
Let n(g) be the second derivative of -3*g + 0*g**3 + 0 - 7/12*g**4 - 1/2*g**2. Calculate n(-1).
-8
Let q be 2 - (-4)/12*0/2. Let n(j) = -5*j**3 + 4*j**2 - 2*j - 2. Let x(u) = 6*u**3 - 5*u**2 + 3*u + 2. Let l(h) = -5*n(h) - 4*x(h). Give l(q).
6
Let x(k) = -2*k**2 - k + 2. Let o = 23 - 21. Calculate x(o).
-8
Let z(f) = -f**2 - 6*f + 3. Let q be z(-6). Let o(g) = -g**3 + 3*g**2 - 2*g - 2. Determine o(q).
-8
Let h(v) = -v**2 - 5 - 7*v + 14*v + 4*v - 5*v. Suppose 16 = 10*f - 6*f. Determine h(f).
3
Let b(d) = -d**2 - 2*d - 2. Let j = 7 + -3. Suppose 0 = -x + 5*v + 14, 8 = 3*x - j*v - 12. Let y = 1 - x. Determine b(y).
-5
Let b(h) be the third derivative of h**4/24 - h**3/6 - 6*h**2 + h. What is b(7)?
6
Let r(z) = 3*z**3 + 16*z**2 - 3*z + 16. Let t(s) = -2*s**3 - 11*s**2 + 2*s - 11. Let j(c) = 5*r(c) + 7*t(c). What is j(-3)?
6
Let l(j) = -j + 1 + 1 + 0. Let q(u) = u. Let v(f) = -f + 4. Let m be v(7). Let d be q(m). Determine l(d).
5
Let h(v) be the first derivative of -v**3/3 + v**2 + 4*v - 1. Let j be (-6)/(-2 + 0) - -2. Give h(j).
-11
Let o(n) be the first derivative of -5*n + 0*n**2 - 4 - 1/4*n**4 - 1/3*n**3. Calculate o(0).
-5
Suppose -4*q + 20 = -a, 2*q - q - 4*a = 20. Suppose -12 = -2*k - 5*w, -k + 17 = q*w + 5. Let y(t) = -t**3 - 5*t**2 - 4*t + 4. Determine y(k).
4
Let s(d) = d + 10. Let i(q) = -2*q + 1 + q - 11. Let v(j) = 3*i(j) + 2*s(j). Give v(0).
-10
Let a(d) = d**2 - 6*d - 9. Let v be a(6). Let i(s) = -s - 10. Determine i(v).
-1
Let g(a) = 5*a**3 + 5*a**2 + a**3 - 7*a**3 - 6. Give g(5).
-6
Let u(j) = j - 1. Suppose 0 = -0*a - 3*a. Suppose -2*o + 4*m = -a*m + 14, 2*o = -3*m. Determine u(o).
-4
Let i(c) be the third derivative of -c**4/24 + c**3 - 37*c**2. Let r be 56/10 - 4/(-10). Calculate i(r).
0
Let x be 7 - 4 - -2*1. Let f(s) = s**2 + 8*s + 9. Let l be f(-7). Let o(c) = -l + 0 + 5*c - 4*c. Calculate o(x).
3
Suppose 2*z + 2*z + 14 = 2*w, 0 = -4*z - 5*w + 7. Let h(i) be the second derivative of i**3/3 + i**2/2 - i. Calculate h(z).
-3
Let g(o) be the first derivative of 2*o**3/3 - o**2 + 4*o - 3. Determine g(3).
16
Let v(s) = -s**3 + 4*s**2 - 3*s + 4. Suppose -n = 4*u - 16, -9*u = -12*u + 5*n - 11. Give v(u).
4
Let h(a) = a - 20. Let l(c) = -c + 13. Let t(i) = 5*h(i) + 7*l(i). Let k be t(-6). Let u(q) = 4 - 4*q**2 + 4*q**3 + 3*q - 3*q**k + 0*q**3. What is u(3)?
4
Let t(l) be the first derivative of -l**2/2 - 3*l + 10. Let f be 2/(-1*2/4). What is t(f)?
1
Let f be 2/7 + 4/(-14). Let p(s) = 0*s + s - 2 - s + s. Determine p(f).
-2
Let i(r) = r**3 - 4*r**2 + 3*r - 5. Let v(b) = -5*b**3 + 16*b**2 - 12*b + 21. Let y(x) = -9*i(x) - 2*v(x). Give y(-5).
-7
Let g be ((-1)/(-2))/(3/(-132)). Let s = -18 - g. Let q(x) = -x + 1. Calculate q(s).
-3
Let g(l) = 3*l - 7. Let u(f) be the third derivative of 2*f**4/3 - 6*f**3 - 4*f**2. Let k(o) = -11*g(o) + 2*u(o). What is k(0)?
5
Let d be (0/1 + 2 - 3)*-5. Let h(u) = -5*u - 4. What is h(d)?
-29
Let m(b) = 6*b + 1. Let x(w) be the second derivative of -5*w**3/6 - w**2/2 - 3*w. Let i be (-12)/(-10)*(-20)/(-6). Let y(k) = i*m(k) + 5*x(k). Determine y(-1).
0
Let q(y) = 3*y**3 + 2*y**2 - 22*y + 18*y - 3 - 2*y**3. Calculate q(-3).
0
Let i(x) = 1 - 21*x - 10 - 1 + 20*x. Give i(0).
-10
Let o be -1 - -1 - (-2 - -1). Let b(u) = o - 5 - 1 - u. Suppose -4*i - 15 = 5*v, -i = 3*v + 1 + 8. Determine b(i).
-5
Let l be 4/38 + 495/171. Let g(n) be the second derivative of 0 - n + 1/2*n**l + 0*n**2. Calculate g(-1).
-3
Let x(c) = 3*c - 4. Let a be x(2). Suppose 7*w - 30 = a*w. Let m(f) = f**2 - 8*f + 9. Determine m(w).
-3
Let k(l) = 3*l - 4*l**2 + 3*l**2 - l**3 - 5*l**2 + 5*l**2. Determine k(-3).
9
Let x(k) be the second derivative of k**2 - 1/20*k**5 - 1/3*k**4 + 0 + 0*k**3 + 5*k. Calculate x(-4).
2
Let w(y) be the first derivative of y**4/12 - y**3/2 - 3*y**2/2 + 1. Let x(z) be the second derivative of w(z). Determine x(4).
5
Let i(s) = -5*s + 1. Suppose k + 3*k = 4. Determine i(k).
-4
Let m be 8 - (-8)/(-1 + -3). Let f(x) = -13*x + 7*x + m*x - x**3. Suppose -o + 3*o + n = -2, 5 = -5*o - 4*n. Calculate f(o).
1
Let a(w) = -w**3 - 8*w**2 - 6*w + 6. Let j(p) be the third derivative of p**4/24 - 2*p**3/3 + p**2. Let l be j(-3). Calculate a(l).
-1
Let l(v) be the second derivative of -v**4/12 - 4*v**3/3 - 5*v**2/2 - 6*v. What is l(-7)?
2
Let s(d) = d + 1. Let i(t) = 0*t - 4*t - 2 + 3*t - t. Let y(l) = -2*i(l) - 5*s(l). Give y(-3).
2
Let y(v) = 2*v + 8. Let w be y(-7). Let c(b) = b**3 + 6*b**2 - 2*b - 4. Give c(w).
8
Let f(m) = 4*m - 1. Let z(k) = k**2 - 6*k - 5. Let q be z(7). Suppose 0 = 5*i, 0*i - 2*i + 6 = q*h. Let a(c) = -c**2 + 3*c - 2. Let b be a(h). Give f(b).
-9
Let n be (28/21)/(1/3). Let r(x) = -x**2 + 9*x - 5. Calculate r(n).
15
Let d be (-1)/(0 - 1/(-1)). Let n be d/(-6) - (-5)/(-30). Let i(g) = -g**3 + g - 1. Determine i(n).
-1
Let u(v) = -2*v + 3. Let w be u(4). Let l = 3 + w. Let n be 0*(3 + l)*-1. Let g(o) = -o**2 + o + 11. Calculate g(n).
11
Let g(b) be the first derivative of -b**6/360 - b**5/40 + b**4/12 - b**3/3 - 3. Let x(a) be the third derivative of g(a). Give x(-3).
2
Let d(i) = -3*i + 3. Suppose -3*l - l + 3*v + 8 = 0, 4*l + 3*v - 8 = 0. Let b be ((-8)/(-6))/((-2)/(-18)). Suppose -6*c + l*c - b = 0. Calculate d(c).
12
Let q(w) = 3*w**2. Let k(r) = r**3 + 4*r**2 + 6*r + 5. Let t be k(-4). Let d = 18 + t. What is q(d)?
3
Let d(b) = 5*b**3 + 26*b**2 - 11*b. Let x = -13 - -16. Let g(h) = 2*h**3 + 9*h**2 - 4*h. Let m(r) = x*d(r) - 8*g(r). Suppose 3*s - 2*s - 6 = 0. Calculate m(s).
-6
Let j = 6 + -9. Let t(p) be the first derivative of p**5/20 + p**4/4 + p**3/6 + 3*p**2/2 + 7*p - 1. Let u(g) be the first derivative of t(g). Give u(j).
0
Let u(h) = h - 15. Let q = 38 - 31. Calculate u(q).
-8
Let p(q) = 3*q + 37. Let k be p(-11). Let u(o) = o**2 - 7*o + 3. Determine u(k).
-9
Let j(d) be the first derivative of -d**3/3 + 5*d**2/2 + 7*d + 1. Give j(6).
1
Let a(p) be the third derivative of 1/6*p**3 + 0*p + p**2 - 1/12*p**4 + 0. Let t be 22/(-18) + 8/36. Give a(t).
3
Let o(j) = j**2 - 2. Let p(v) = -v**3 + 12*v**2 + 13*v + 5. Let k be p(13). Suppose -5*x - k - 5 = 0. Determine o(x).
2
Let d = 24 + -22. Let x(q) = q**2 + 3*q - 1. Determine x(d).
9
Let a(i) = -i**2 - 7. Let f(n) = n**3 - 5*n**2 - 7*n + 3. Let o be f(6). Let c = 3 + o. Suppose c*u = -u. What is a(u)?
-7
Suppose -3*f + 4 + 2 = 0. Suppose 4*x = 2*y + 28, 4 = -3*y + f*y. Let g(r) be the third derivative of -r**5/60 + r**4/6 + 5*r**3/6 - r**2. Give g(x).
0
Let p(h) be the second derivative of 0 - 1/6*h**3 + 0*h**2 - 4*h. Give p(6).
-6
Let i(m) = -2*m + 4. Let k be i(3). Let v(d) = 4*d + 5. Let w(b) = -7*b - 9. Let f(s) = 5*v(s) + 3*w(s). What is f(k)?
0
Let k(o) = 2*o**3 + 2*o**2 - 4*o - 3. Let b(x) = -6*x**3 - 5*x**2 + 12*x + 9. Let r(z) = -3*b(z) - 8*k(z). Calculate r(-2).
-15
Let h(q) = q**2 + 2*q - 2. Let n(z) = z + 1. Let x(u) = h(u) - 2*n(u). Let s = -1 - -3. Let j be 1*(-2 + s/(-2)). Calculate x(j).
5
Let b(k) = k**2 + k - 1. Let g be 2/(-4)*2/1. Let x(c) = 4*c**2 + 12*c - 11. Let y(v) = g*x(v) + 5*b(v). Give y(6).
0
Let n(s) be the second derivative of -s**3/3 - s**2/2 + 12*s. Calculate n(-2).
3
Let x(y) = 3*y**2 + 2*y + 2. Let v(l) = -2*l**2 - 2*l - 2. Let f(w) = 2*v(w) + 3*x(w). Let u(p) = -p**2 - p - 1. Let c(m) = -f(m) - 4*u(m). Give c(3).
-1
Suppose -5*y - 32 = 4*p, -p - 5 + 15 = -y. Let z be (-5)/(10/(-6)) + y. Let o(v) = -4 - v - 2*v + 2*v. Calculate o(z).
1
Let b(k) = 0*k**3 + 0*k + k**3 - 6 + 3*k + 6*k**2. Let u be b(-5). Suppose 0 = 5*c + u*g - 25, c - 20 = -3*c - g. Let r(f) = -f**2 + 6*f + 2. What is r(c)?
7
Let s(q) = -q**2 + 6*q + 3. Suppose 3*v = 15, 3*v = 5*d - 2*v - 5. Determine s(d).
3
Let d(g) = 5*g - 1. Let j(n) = -n**3 - 6*n**2 - 5*n - 1. Let z be j(-5). What is d(z)?
-6
Let k(n) be the third derivative of -n**5/30 + 7*n**4/24 - 12*n**2. Determine k(5).
-15
Let u(d) be the second derivative of 1/6*d**3 + 0 - d + 0*d**2. Calculate u(0).
0
Let o(z) = z**2 - 11*z. Let w be o(11). Let d(h) = -h**3 + h**2 + 8. Give d(w).
8
Let z(i) = -5*i - 3. Let u(b) = -4*b - 2. Let g(a) = 6*u(a) - 5*z(a). Determine g(4).
7
Let k(o) be the first derivative of o**2/2 - o + 4. Let y = 0 - 0. What is k(y)?
-1
Let r(i) be the first derivative of 1/4*i**4 + 5/3*i**3 + 3/